
Suppose 5*x - 1952 = 3*s, 0*s + 4*s - 1148 = -3*x. What is the tens digit of x?
8
Let v be 32/6 - (-2)/(-6). Suppose 2*s - v - 7 = 0. Let d(m) = m**2 - 5*m + 3. What is the units digit of d(s)?
9
Suppose -50*o = -45*o - 1050. What is the units digit of o?
0
Suppose -11*g + 28419 = -14041. What is the hundreds digit of g?
8
What is the units digit of ((-228)/(-266))/(2/686)?
4
What is the tens digit of 233*((-36)/(-6) - 5)?
3
Suppose -58*l + 54*l = -5*v + 6362, 0 = v - 4*l - 1282. What is the tens digit of v?
7
Suppose -850 = -s + 3*l, s - l - 494 - 366 = 0. Suppose 6*b - s = -133. What is the units digit of b?
2
Let b(c) = 43*c**3 - 2*c + 7. What is the tens digit of b(2)?
4
Let i(v) = 1275*v**2 + 3*v + 3. What is the hundreds digit of i(-1)?
2
Let y = -38 + 28. Let g = y + 16. Suppose -g*v + 188 = -2*v. What is the tens digit of v?
4
Let z(n) = -n**3 - 9*n**2 + 9*n + 9. Suppose 5*j = 20 - 5. Suppose 10*d + 70 = j*d. What is the tens digit of z(d)?
1
Let h(d) = -d**3 + 17*d**2 + 60*d - 1. What is the thousands digit of h(15)?
1
Suppose -3*x - 5*d = -1130, -2*x + d = -426 - 349. What is the hundreds digit of x?
3
Suppose i - 5*l = 29, -l - 40 = -5*i + 3*l. Suppose 2*o - 2*u - 85 - 5 = 0, i*o - 2*u = 174. What is the tens digit of o?
4
Suppose -6*z + 645 = -z. What is the tens digit of ((-6)/(-27))/(-2)*-6*z?
8
What is the units digit of -47 + 45 + 2 + 430?
0
Let k(c) = -c**2 - 12 + 10 + 3 - c. Let o(r) = 2*r**2 - 7*r + 16. Let x(z) = 3*k(z) + o(z). What is the tens digit of x(-8)?
3
Let b = 2919 + -2004. What is the tens digit of b?
1
Suppose 12 = 7*r - 9*r. Suppose 0 = -3*m - m + 4*u - 28, -m - 5*u = 37. Let l = r - m. What is the units digit of l?
6
Let v = 4010 + -1403. What is the thousands digit of v?
2
Let y(v) = -931*v + 4. What is the units digit of y(-1)?
5
Suppose -4*j + 4*d + 0*d + 168 = 0, j = -2*d + 30. Suppose 308 = 5*b + j. What is the tens digit of b?
5
Let x = -39 + 103. Let g be (-5)/((1 - -2)/(-3)). Suppose x = 5*f + 3*m - 39, 25 = f + g*m. What is the units digit of f?
0
Let s = 99 + -57. What is the tens digit of s?
4
Suppose -2*n - 4*g + 29 = 11, -g + 50 = 4*n. What is the units digit of (0 + -12)*(7 - n)?
2
Let l be (-1)/(-3) - 46/(-6). Suppose 6*p - l*p = -152. What is the tens digit of p?
7
Let u(j) = j**3 - j**2 - j - 10. Let z be u(3). Suppose z*l - 480 = -6*a + a, 2*a = -4*l + 386. What is the tens digit of l?
9
Let g = -263 - -399. Let q = g + -132. What is the units digit of q?
4
Suppose -z - a + 516 = -1886, -4*z - 5*a = -9607. What is the thousands digit of z?
2
Suppose 4*y - 3*u + 28 = 0, y - 6 - 6 = -4*u. Let c = y + 135. What is the units digit of c?
1
Suppose 61 - 13 = -4*l. Let h = l + 7. What is the units digit of (10 + h)*5/1?
5
Let s be (160/(-24))/((-4)/6). Suppose -s = -3*h + 2. Suppose -105 = -y - h*y. What is the tens digit of y?
2
Suppose 0 = 22*c - 14*c - 3584. What is the hundreds digit of c?
4
Let k(z) = -1738*z - 10. What is the units digit of k(-1)?
8
Suppose -5*n - 4 = -3*n, 2*l + 2*n - 84 = 0. Suppose o - l = -12. Suppose -w - o = -k, k - 133 = -3*k - w. What is the units digit of k?
3
Let o(p) be the third derivative of 5*p**4/24 - 3*p**3 + p**2. Let d = -5 + 20. What is the units digit of o(d)?
7
Suppose -51*l + 77*l = 39156. What is the units digit of l?
6
Let u = -7 + 11. Let n = u + -1. Suppose n*a - 4*a + 17 = 0. What is the tens digit of a?
1
Suppose 4*a - 8 = 2*x, 0*a = 4*x - 3*a + 6. Suppose 0 = -x*h - h. What is the units digit of 1 - (3 + -26 + h)?
4
Let c(u) be the first derivative of -6*u**2 - 4*u - 4 + 2 - 5 - 2. What is the tens digit of c(-3)?
3
Let j(c) = 1003*c**3 - 2*c + 2. What is the hundreds digit of j(1)?
0
Suppose 23*j + m + 9975 = 28*j, -2*m = 0. What is the hundreds digit of j?
9
Let m(a) = -a**2 - 22*a + 1. Let b be m(-10). Suppose -5*u = -3*q + 204, -5*q - 3*u + 427 - b = 0. What is the units digit of q?
3
Let b(q) = q**3 - 35. Let w be b(0). Let p be 2/(-7) + (-1585)/w. Suppose p = 2*g - 19. What is the tens digit of g?
3
Suppose 2*n + 32 - 112 = 0. Suppose 2*a - o + 56 = 0, -5*a + 2*o + n = 179. What is the tens digit of (-453)/a + 8/36?
1
Let t(w) = -65*w**3 - w**2 - 2*w - 1. Suppose 4*i - 4 = -5*g + 17, g - 4 = -i. Let k be t(i). Let o = k + -43. What is the tens digit of o?
2
Suppose -2*c = 2*r - 58, -23 = -c - r - 2*r. Let k = -26 + c. What is the units digit of k?
6
Suppose -o = 2 - 27. Let z = 5 - -13. Let c = o - z. What is the units digit of c?
7
Let r = 2659 - 1312. What is the units digit of r?
7
Suppose 39 = r - 0. Let x = r + 18. What is the units digit of x?
7
Let d(l) = 4*l**2 - 6*l - 2. Let z be d(6). Let j = z + -37. What is the units digit of j?
9
Suppose -3*k - 2*k + q = -177, -5*k + 4*q + 168 = 0. Suppose -2*i + m + 57 = 0, 0*i + k = i - 3*m. What is the tens digit of i?
2
Suppose 5*a = 5*i + 10*a - 2995, -5*a + 10 = 0. What is the tens digit of i?
9
Suppose -18909 = -9*v - 24*v. What is the hundreds digit of v?
5
Suppose -3*w - w = -5*m - 45, 0 = w - 2*m - 15. Suppose -w = -r - g + 3, g + 4 = 2*r. What is the units digit of r?
4
Let q be (-10)/(-3)*(-45)/(-6). Let u be q*(-1 + 0)/(-1). Let f = 43 - u. What is the tens digit of f?
1
Let v(d) = d**3 - 16*d. Let i be v(4). Suppose i = -16*t + 1839 + 2385. What is the units digit of t?
4
Let s(l) be the second derivative of -4*l**5/5 + l**4/6 + l**3/6 - l**2/2 - 12*l. What is the tens digit of s(-2)?
3
Let b = 9109 - 6089. What is the units digit of b?
0
Suppose -1267*k + 1279*k = 37068. What is the thousands digit of k?
3
Let y be 0 + (0 - 0) - 9. Let k = -47 - -50. What is the tens digit of k - -3*y/(-1)?
3
Let t(j) = 11*j**3 - 2*j**2 - 11*j + 6. What is the units digit of t(4)?
4
Suppose -34*l + 30*l + 256 = 0. Let a(f) = f**3 + 6*f**2 + f - 1. Let j be a(-5). Let c = l - j. What is the units digit of c?
5
Let v(u) = 400*u - 135. What is the thousands digit of v(6)?
2
Let h(k) = 11*k**3 + 2*k**2 - 38*k + 94. What is the hundreds digit of h(3)?
2
Let o = 84 - 58. Suppose -u - 77 = -y, -2*u = -4*y + 274 + o. Suppose -y - 83 = -4*z + a, 5*a = 0. What is the tens digit of z?
3
Suppose -3*u + 2*q = -94, 5*q = 5*u + 3*q - 162. Suppose 349 = 3*j + u. Suppose -5*b + j = -0*b. What is the units digit of b?
1
Let m(u) = 63*u**2 + 2. Let s be m(-4). Suppose 0 = -0*o - 5*o + s. What is the units digit of o?
2
Suppose -2755 = -6*q + 3707. What is the hundreds digit of q?
0
Let y = -123 + 126. Let p(w) = 2*w**3 - 4*w**2 - 4*w + 3. Let c be p(4). Suppose -y*r + c = -3*t, 5*r + 2*t - 76 = 9. What is the tens digit of r?
1
Suppose -2*k + 8 = 0, 6*x + k = x + 644. What is the hundreds digit of x?
1
Let z(g) = -g**3 - 15*g**2 + 16*g + 5. Let y be z(-16). Suppose -2*r + 3*f - 108 = -5*r, -4*r = -y*f - 144. What is the units digit of r?
6
Let y be 3/3*(1 - -3). Let w = y + -16. What is the tens digit of ((-27)/w)/(2/16)?
1
Let t = -123 - -269. What is the units digit of t?
6
Suppose -2*b - 5 = -4*m + 7*m, -5 = -3*b - 2*m. Suppose -2 = -4*h + 3*i + 1, -5*i = b. Suppose h = 6*t - t - 125. What is the tens digit of t?
2
Suppose -x + 3 = -2*k, 3 = -2*k + 4*x - 15. Suppose 4*z - j - k = 59, 50 = 5*z + 5*j. What is the units digit of z?
4
Let k be (-1)/(-2 - (-9)/5). Let o(h) = -2*h + 7*h + 0 - 2*h + k. What is the tens digit of o(6)?
2
Let t(l) = l + 25. Let q = -5 - -7. Suppose -16 = -q*m - 44. What is the tens digit of t(m)?
1
Suppose 12 = -a - a. Let f = a + -6. What is the units digit of (75/f)/(1/(-4))?
5
Let f(g) = 14*g + 10. Let i be f(3). Suppose t - 6 = 5*s, 3*t + 3*s - s = i. What is the tens digit of t?
1
Let a(t) = 10*t**2 + 9*t. Let k be a(-7). Suppose -4*x - 139 = -k. What is the tens digit of x?
7
Let w = 119 - -101. What is the tens digit of w?
2
Suppose 5*a - 7*a + 20 = 0. Let t = a + 9. What is the tens digit of t?
1
Let g(s) = -s**2 + 20*s - 9. Let r be g(19). Suppose d - 94 - r = -4*k, -5*d + k = -499. What is the tens digit of d?
0
Suppose 39*b = 40*b - 1454. What is the tens digit of b?
5
Let w(j) = -j**2 + 5*j + 1. Let d be w(4). Suppose -d*x + 44 = -161. What is the tens digit of x?
4
Let o(m) be the second derivative of m**4/6 - m**3/6 + 29*m**2 + 47*m. What is the units digit of o(0)?
8
Let g be 6/(-1*12/(-20)). Suppose -g*u = -7*u - 6. Suppose u*m - 5*x - 43 = 0, 4*m = x + 77 + 36. What i